uppose k = -v + 71 + 17. What is the highest common divisor of v and 11?
11
Let c be 6 - 5 - (0 + 0). Let g(k) = -k**3 + 8*k**2 - 6*k - 3. Let a be g(7). Suppose -d = a*d - 10. What is the greatest common factor of c and d?
1
Let o(u) = 11*u**2 + 2*u - 1. Let z be o(1). Calculate the highest common divisor of z and 108.
12
Suppose i + 4*j = -16, -5*i = 5*j + 5 + 105. Let o = -15 - i. Let f(t) = 9*t + 9. Let u be f(o). Calculate the greatest common factor of u and 10.
10
Let t be (-84)/(-140) - (-6)/(-10). Let q = -6 + 10. Suppose -4*v - 4*j + 72 = t, 2*j = j + q. Calculate the greatest common divisor of 140 and v.
14
Suppose -4*u + 40 + 16 = 0. What is the greatest common divisor of 112 and u?
14
Suppose -2*l + m + 12 = 0, 0 = 2*l + 4*m - 25 - 7. Let n(z) = -39*z**3 + z**2 + z + 1. Let r be n(-1). Calculate the greatest common factor of l and r.
8
Let z = -7 - 2. Let v = z - -56. Suppose 14 - v = -u. Calculate the highest common factor of u and 3.
3
Let d(x) be the first derivative of x**4/4 + 2*x**3/3 - x**2/2 + 2*x + 2. Let c be d(2). What is the greatest common factor of c and 80?
16
Let n be (-2 - (-1 - 4)) + 2. Suppose 4*t + 180 = 2*p, 0 = -p + n*t + 94 - 4. What is the greatest common factor of 15 and p?
15
Let d(y) = -y**2 + 6*y + 70. Let v be d(10). Let q be (-4)/((-2)/(-12)*-2). What is the greatest common factor of q and v?
6
Let r = -5 - -5. Suppose r = 3*c + 2*c + 90. Let v be (-1)/((-34)/c - 2). What is the greatest common divisor of v and 1?
1
Suppose 2*f = -2*q + 110, -5*f - 3*q = q - 275. Let j be -2*5/(-6)*3. What is the highest common divisor of f and j?
5
Suppose -14*k = -4*k - 160. Calculate the highest common divisor of k and 12.
4
Let s be (-131)/(-2) + (-4)/8. What is the greatest common divisor of 26 and s?
13
Let v = -13 - -22. Let m be 2/(-3)*((-3)/(-2) + -3). What is the greatest common divisor of m and v?
1
Suppose 3*i + i - 48 = 0. Let h be (-2292)/(-14) - (-10)/35. Let m = 248 - h. What is the highest common factor of i and m?
12
Let r(d) = -d**3 + 26*d**2 - 24*d + 25. Let w be r(25). What is the highest common divisor of w and 10?
10
Let n be (-65)/(-25) + 3/(-5). Suppose -n*r + 0 = -10. What is the greatest common divisor of r and 25?
5
Suppose 4*m - 12 = 248. What is the highest common factor of 13 and m?
13
Let m(d) = -3*d - 18. Let f be m(-10). What is the greatest common divisor of 36 and f?
12
Let g(x) = 6*x - 6. Let i be g(16). Calculate the highest common divisor of i and 36.
18
Let q(z) = z**2 + 5*z - 9. Let m be q(-7). Suppose b - 4*p = 5, 5*b - p = -3*p + 25. What is the greatest common factor of b and m?
5
Let l = 8 - 6. Let o = -30 + 70. Suppose -16 = -4*p + o. Calculate the highest common divisor of l and p.
2
Suppose 0 = -6*n + 25*n - 380. What is the greatest common divisor of n and 90?
10
Let u be 20*2/5*22/8. What is the greatest common divisor of 33 and u?
11
Let a be (2 - -2)*1/2. Suppose 0 = 2*w - t - 81 - 84, 2*t - 174 = -a*w. What is the greatest common divisor of w and 12?
12
Let a(u) = 2*u**3 - 10*u**2 - 15*u + 59. Let c be a(8). Calculate the highest common divisor of c and 17.
17
Let n be (2 + -2 + 3)/1. Suppose 4 = n*u - u. What is the greatest common factor of 4 and u?
2
Let b be -2 + -1 - (-205 - -2). Suppose -3*u = -8*u + b. What is the highest common factor of 8 and u?
8
Suppose 10*v - 30 = -0*v. Let r = 1 - 0. What is the greatest common factor of v and r?
1
Let q be 10/(0 - 1 - -2). Let u be ((-28)/q - 0)*-10. Calculate the highest common divisor of u and 7.
7
Let j(r) = 23*r**3 + r**2. Let g be j(1). Suppose -6*s + 66 = g. Let o = 98 + -21. Calculate the greatest common divisor of o and s.
7
Suppose -2*n + 2*d = -n - 6, 0 = 2*n + 3*d + 2. Suppose -2 = n*g - 4. Let p be (0 - -2)/(0 + 2). What is the highest common divisor of p and g?
1
Suppose -169 - 426 = -5*m. Calculate the highest common divisor of m and 17.
17
Let g(f) = 3 - f + 0*f + 2*f. Let o be g(8). Suppose -4 = -u - 3*u. Calculate the greatest common factor of u and o.
1
Let r be (-12)/(-2)*2/4. Let o = r - 0. Let t = -8 - -11. What is the highest common factor of t and o?
3
Let d = -91 - -136. Suppose -5 = 3*v + 4*n, 5*v + 0*n = 4*n + d. Suppose -4*g = -v*r - g + 55, -5*g + 15 = 5*r. What is the greatest common factor of 16 and r?
8
Suppose 3*w = 15 + 36. Suppose -z + w = g, -z + 3*g = g - 8. Calculate the greatest common divisor of 28 and z.
14
Suppose d - 6*d = 0. Let s(k) = -k**3 + 24. Let i be s(d). What is the greatest common factor of 96 and i?
24
Suppose p = 3*c - 37, -2*c + p + 17 + 7 = 0. Let t(m) = -m**3 + 10*m**2 - 7*m - 5. Let i be t(9). What is the greatest common factor of i and c?
13
Let y be (-2)/(3*4/(-6))*112. What is the greatest common factor of y and 28?
28
Suppose -15 = -p - 7. What is the highest common divisor of 88 and p?
8
Let x = -41 - -74. Calculate the greatest common factor of 22 and x.
11
Let x(s) = 4*s - 10. Let p = -9 + 16. Let b be x(p). Let u be 18/(-126) - (-632)/14. Calculate the highest common divisor of u and b.
9
Let l(w) = -4 + 16*w + 12*w + 7*w + 0*w. Let h be l(4). What is the greatest common factor of h and 17?
17
Suppose -5*q - 3 = -18. Suppose -l = q*o - 2*l - 43, 0 = 2*o - l - 29. Calculate the highest common divisor of o and 7.
7
Let c(z) = -z**2 - 2*z - 16. Let t(i) = 2*i**2 + 5*i + 32. Let g(v) = -7*c(v) - 3*t(v). Let w be g(0). Calculate the greatest common divisor of 16 and w.
16
Suppose 4*q - 4*f = 48, -4*q + 0*q = 2*f - 66. Let v be (-2 + 5)*(-14)/6. Let u = v + q. What is the highest common divisor of 2 and u?
2
Suppose 3*i - 4*z - 32 = 0, 2*z - 10 = -5*i - 0*z. Suppose 0*f - i*f = -40. What is the highest common divisor of f and 10?
10
Let j be (54/(-8))/(3/(-8)). Let r(k) = -161*k**3 + k**2 + k + 1. Let d be 3/4 - (-28)/(-16). Let p be r(d). What is the greatest common factor of p and j?
18
Suppose z + 88 = 3*t, 0*t + 368 = -5*z - 3*t. Let a = -50 - z. Let o be (-1)/3 + a/6. Calculate the greatest common factor of o and 10.
2
Let k = 6 - 4. Let s(o) = -o**3 + o**2 + 4*o - 3. Let u be s(k). Let b = 35 + u. What is the highest common factor of b and 4?
4
Suppose 4*u - 2*k + 14 = 0, -4*u - 7 - 2 = -k. Let r = u + 24. Calculate the greatest common divisor of r and 253.
23
Suppose 2*h = 3*h - 54. What is the greatest common divisor of h and 6?
6
Let v(m) = 21*m**3 - 2*m**2 + 1. Let z be v(1). Calculate the highest common divisor of 220 and z.
20
Let a be (2/(-6))/(2/(-18)). Suppose -512 - 88 = -5*n. Suppose -4*r + 5*d = -n, -a*r + 120 = r + 5*d. Calculate the highest common factor of r and 45.
15
Suppose -2*z - 3*z = 0. Suppose -w + 8 + 3 = z. What is the highest common factor of w and 33?
11
Suppose -v = 5*z - 22, 4*v - 3*z = 33 + 9. Suppose 0*l = -5*l. Suppose l*m + v = m. Calculate the greatest common factor of 8 and m.
4
Suppose 0 = -6*b + b + 15. Suppose 5*c - 3*w - 38 + 8 = 0, -15 = 3*w. Calculate the highest common divisor of c and b.
3
Suppose n - 6 - 14 = 0. Let x(g) = 1 + 4 - 6*g - 1 + 2*g. Let y be x(-4). Calculate the highest common divisor of y and n.
20
Let b be -3 - (-26)/(-4)*-2. Calculate the greatest common divisor of 10 and b.
10
Let v(y) = -12*y + 9. Let q be v(-3). Calculate the highest common divisor of q and 9.
9
Let d = 339 - 240. Suppose 4*z - z - 27 = 0. Calculate the greatest common divisor of z and d.
9
Suppose 4*v - 318 = 3*k + 67, 0 = -2*v - 5*k + 225. Let b be ((-51)/(-68))/(1/v). Let i be (-18)/(-4)*40/6. Calculate the highest common divisor of b and i.
15
Let p = 26 + -23. Calculate the greatest common factor of p and 27.
3
Let f(d) = -16*d**3 + 2*d + 1. Let t be f(-1). Let q = 2 - -8. What is the greatest common divisor of q and t?
5
Suppose 2*h - 122 = -3*q, -5*q - 2*h + 177 + 21 = 0. Let g be 2/(2/(-9) + 88/342). Calculate the greatest common divisor of g and q.
19
Let n(m) = m**2 + 6*m + 10. Let d be n(-7). What is the greatest common divisor of d and 153?
17
Let t = -107 - -159. Calculate the highest common divisor of 13 and t.
13
Let v = 822 + -561. What is the highest common divisor of v and 9?
9
Suppose u - 3*f = 19, 0*f = -5*u - 3*f + 5. Calculate the greatest common divisor of 20 and u.
4
Let d be (39/(-9))/(5/(-45)). Suppose 5*q = 4*m + 131 - d, -3*q + 42 = 2*m. Calculate the greatest common factor of q and 8.
8
Let i b